{"id":221,"date":"2021-09-09T14:59:40","date_gmt":"2021-09-09T14:59:40","guid":{"rendered":"https:\/\/autourdecommedia.be\/?page_id=221"},"modified":"2021-09-09T14:59:41","modified_gmt":"2021-09-09T14:59:41","slug":"politique-des-cookies","status":"publish","type":"page","link":"https:\/\/autourdecommedia.be\/?page_id=221","title":{"rendered":"Politique des Cookies"},"content":{"rendered":"\n<p>Ce site utilise des cookies \u2013 de petits fichiers texte qui sont plac\u00e9s sur votre machine pour aider le site \u00e0 fournir une meilleure exp\u00e9rience utilisateur. Les cookies pr\u00e9sents sur ce site visent uniquement \u00e0 conserver vos pr\u00e9f\u00e9rences et (de fa\u00e7on anonyme) identifier les pages consult\u00e9es, ce qui nous permet de mieux identifier l\u2019int\u00e9r\u00eat des lecteurs.<\/p>\n\n\n\n<p>Toutefois, vous pouvez pr\u00e9f\u00e9rer d\u00e9sactiver les cookies sur ce site et sur d\u2019autres. Le moyen le plus efficace consiste \u00e0 d\u00e9sactiver les cookies dans votre navigateur. Nous vous sugg\u00e9rons de consulter la section Aide de votre navigateur ou de consulter le site Web&nbsp;<a href=\"https:\/\/www.aboutcookies.org\/\" target=\"_blank\" rel=\"noreferrer noopener\">\u00c0 propos des cookies<\/a>&nbsp;(en anglais) qui propose des conseils pour tous les navigateurs modernes.<\/p>\n","protected":false},"excerpt":{"rendered":"<p>Ce site utilise des cookies \u2013 de petits fichiers texte qui sont plac\u00e9s sur votre machine pour aider le site \u00e0 fournir une meilleure exp\u00e9rience utilisateur. Les cookies pr\u00e9sents sur ce site visent uniquement \u00e0 conserver vos pr\u00e9f\u00e9rences et (de fa\u00e7on anonyme) identifier les pages consult\u00e9es, ce qui nous permet de mieux identifier l\u2019int\u00e9r\u00eat des [&hellip;]<\/p>\n","protected":false},"author":2,"featured_media":0,"parent":0,"menu_order":0,"comment_status":"closed","ping_status":"closed","template":"","meta":{"footnotes":""},"class_list":["post-221","page","type-page","status-publish","czr-hentry"],"_links":{"self":[{"href":"https:\/\/autourdecommedia.be\/index.php?rest_route=\/wp\/v2\/pages\/221","targetHints":{"allow":["GET"]}}],"collection":[{"href":"https:\/\/autourdecommedia.be\/index.php?rest_route=\/wp\/v2\/pages"}],"about":[{"href":"https:\/\/autourdecommedia.be\/index.php?rest_route=\/wp\/v2\/types\/page"}],"author":[{"embeddable":true,"href":"https:\/\/autourdecommedia.be\/index.php?rest_route=\/wp\/v2\/users\/2"}],"replies":[{"embeddable":true,"href":"https:\/\/autourdecommedia.be\/index.php?rest_route=%2Fwp%2Fv2%2Fcomments&post=221"}],"version-history":[{"count":1,"href":"https:\/\/autourdecommedia.be\/index.php?rest_route=\/wp\/v2\/pages\/221\/revisions"}],"predecessor-version":[{"id":222,"href":"https:\/\/autourdecommedia.be\/index.php?rest_route=\/wp\/v2\/pages\/221\/revisions\/222"}],"wp:attachment":[{"href":"https:\/\/autourdecommedia.be\/index.php?rest_route=%2Fwp%2Fv2%2Fmedia&parent=221"}],"curies":[{"name":"wp","href":"https:\/\/api.w.org\/{rel}","templated":true}]}}